 is the hundred thousands digit of 282401?
2
What is the hundred thousands digit of 8294626?
2
What is the thousands digit of 130018?
0
What is the tens digit of 592807?
0
What is the millions digit of 4086123?
4
What is the tens digit of 470388?
8
What is the hundreds digit of 481324?
3
What is the units digit of 40848?
8
What is the units digit of 2848283?
3
What is the thousands digit of 6880066?
0
What is the tens digit of 2006381?
8
What is the millions digit of 7201296?
7
What is the millions digit of 1402558?
1
What is the thousands digit of 43030?
3
What is the tens digit of 4317266?
6
What is the hundreds digit of 1922981?
9
What is the units digit of 234944?
4
What is the hundred thousands digit of 8343491?
3
What is the hundreds digit of 498975?
9
What is the hundred thousands digit of 228667?
2
What is the tens digit of 628974?
7
What is the hundreds digit of 167193?
1
What is the units digit of 491103?
3
What is the units digit of 2081385?
5
What is the hundred thousands digit of 909050?
9
What is the ten millions digit of 29364630?
2
What is the tens digit of 189926?
2
What is the millions digit of 1658693?
1
What is the hundreds digit of 712654?
6
What is the millions digit of 2604377?
2
What is the hundreds digit of 8970242?
2
What is the hundreds digit of 253464?
4
What is the tens digit of 2720480?
8
What is the tens digit of 288246?
4
What is the thousands digit of 1135351?
5
What is the thousands digit of 417692?
7
What is the millions digit of 11321423?
1
What is the hundreds digit of 74933?
9
What is the hundreds digit of 428023?
0
What is the ten thousands digit of 3541437?
4
What is the tens digit of 5191926?
2
What is the tens digit of 696916?
1
What is the ten thousands digit of 8530398?
3
What is the tens digit of 3921415?
1
What is the tens digit of 936106?
0
What is the ten thousands digit of 49104?
4
What is the hundred thousands digit of 2041311?
0
What is the ten thousands digit of 191095?
9
What is the tens digit of 2431790?
9
What is the units digit of 35426?
6
What is the ten thousands digit of 15142960?
4
What is the tens digit of 160034?
3
What is the hundreds digit of 4763935?
9
What is the ten thousands digit of 530868?
3
What is the thousands digit of 581376?
1
What is the hundreds digit of 151139?
1
What is the tens digit of 242784?
8
What is the tens digit of 557765?
6
What is the ten thousands digit of 591626?
9
What is the hundred thousands digit of 1994521?
9
What is the hundred thousands digit of 9936451?
9
What is the hundreds digit of 923865?
8
What is the units digit of 171425?
5
What is the hundred thousands digit of 306209?
3
What is the millions digit of 27027189?
7
What is the ten thousands digit of 3974125?
7
What is the hundred thousands digit of 924017?
9
What is the thousands digit of 291590?
1
What is the thousands digit of 4885858?
5
What is the ten thousands digit of 2326896?
2
What is the units digit of 1928134?
4
What is the hundred thousands digit of 161848?
1
What is the ten thousands digit of 921626?
2
What is the thousands digit of 42628?
2
What is the ten thousands digit of 20754487?
5
What is the tens digit of 4122580?
8
What is the units digit of 787411?
1
What is the tens digit of 526871?
7
What is the ten thousands digit of 232065?
3
What is the ten thousands digit of 20547?
2
What is the hundreds digit of 10391063?
0
What is the units digit of 1368143?
3
What is the units digit of 1217737?
7
What is the millions digit of 32369098?
2
What is the hundred thousands digit of 4842471?
8
What is the hundreds digit of 724492?
4
What is the units digit of 15762771?
1
What is the hundreds digit of 4004788?
7
What is the thousands digit of 18798659?
8
What is the units digit of 264535?
5
What is the thousands digit of 84225?
4
What is the hundreds digit of 506120?
1
What is the ten millions digit of 19564008?
1
What is the thousands digit of 11909095?
9
What is the tens digit of 31318?
1
What is the ten millions digit of 40508580?
4
What is the ten thousands digit of 197557?
9
What is the units digit of 14117821?
1
What is the hundreds digit of 609357?
3
What is the hundred thousands digit of 1511616?
5
What is the tens digit of 2683508?
0
What is the millions digit of 1205126?
1
What is the thousands digit of 6472848?
2
What is the hundred thousands digit of 790827?
7
What is the thousands digit of 654478?
4
What is the thousands digit of 16098380?
8
What is the millions digit of 7057929?
7
What is the units digit of 440422?
2
What is the millions digit of 6519024?
6
What is the hundred thousands digit of 2598734?
5
What is the thousands digit of 261715?
1
What is the hundred thousands digit of 11527986?
5
What is the tens digit of 844523?
2
What is the millions digit of 2728217?
2
What is the units digit of 591961?
1
What is the hundreds digit of 52680?
6
What is the hundreds digit of 26254021?
0
What is the hundreds digit of 17431943?
9
What is the units digit of 26521495?
5
What is the hundreds digit of 42987?
9
What is the hundreds digit of 23879?
8
What is the ten thousands digit of 427255?
2
What is the hundreds digit of 15297?
2
What is the units digit of 1595584?
4
What is the thousands digit of 31266?
1
What is the tens digit of 2214749?
4
What is the ten millions digit of 23305350?
2
What is the millions digit of 1014903?
1
What is the ten millions digit of 10059971?
1
What is the hundred thousands digit of 164432?
1
What is the hundreds digit of 97812?
8
What is the ten thousands digit of 2244278?
4
What is the hundred thousands digit of 3075275?
0
What is the thousands digit of 17153?
7
What is the ten thousands digit of 125479?
2
What is the thousands digit of 10034446?
4
What is the thousands digit of 153389?
3
What is the ten thousands digit of 11676740?
7
What is the millions digit of 1120371?
1
What is the tens digit of 1505790?
9
What is the tens digit of 1494065?
6
What is the hundreds digit of 810024?
0
What is the thousands digit of 25572135?
2
What is the hundred thousands digit of 1015894?
0
What is the thousands digit of 1935217?
5
What is the units digit of 416514?
4
What is the tens digit of 1008200?
0
What is the ten thousands digit of 3368561?
6
What is the millions digit of 13929395?
3
What is the millions digit of 2412760?
2
What is the hundred thousands digit of 1473963?
4
What is the ten thousands digit of 220617?
2
What is the hundreds digit of 51152?
1
What is the tens digit of 1699353?
5
What is the units digit of 5047911?
1
What is the ten millions digit of 13007075?
1
What is the ten thousands digit of 1660412?
6
What is the units digit of 6039149?
9
What is the tens digit of 210928?
2
What is the hundred thousands digit of 186735?
1
What is the tens digit of 13427577?
7
What is the units digit of 1083322?
2
What is the ten thousands digit of 4568578?
6
What is the tens digit of 14210595?
9
What is the thousands digit of 874401?
4
What is the tens digit of 419945?
4
What is the units digit of 2711990?
0
What is the hundreds digit of 46458?
4
What is the ten thousands digit of 169408?
6
What is the hundred thousands digit of 17560856?
5
What is the thousands digit of 184332?
4
What is the ten thousands digit of 23369795?
6
What is the hundred thousands digit of 15182568?
1
What is the units digit of 954247?
7
What is the hundred thousands digit of 468946?
4
What is the tens digit of 122271?
7
What is the tens digit of 490046?
4
What is the hundred thousands digit of 255084?
2
What is the millions digit of 1236986?
1
What is the tens digit of 237450?
5
What is the thousands digit of 588675?
8
What is the units digit of 1046278?
8
What is the hundred thousands digit of 12223847?
2
What is the thousands digit of 1661218?
1
What is the millions digit of 1414765?
1
What is the hundreds digit of 15901260?
2
What is the ten thousands digit of 506032?
0
What is the units digit of 5668?
8
What is the hundred thousands digit of 6179390?
1
What is the units digit of 216658?
8
What is the ten millions digit of 16518884?
1
What is the tens digit of 1321534?
3
What is the hundred thousands digit of 10534984?
5
What is the thousands digit of 1383633?
3
What is the thousands digit of 4073793?
3
What is the units digit of 2074672?
2
What is the hundred thous